{"id":4672,"date":"2022-09-21T17:57:59","date_gmt":"2022-09-21T20:57:59","guid":{"rendered":"https:\/\/dieecke.art\/?post_type=exhibiciones&#038;p=4672"},"modified":"2022-11-11T15:16:38","modified_gmt":"2022-11-11T18:16:38","slug":"entre-la-oscuridad-el-espiritu","status":"publish","type":"exhibiciones","link":"https:\/\/dieecke.art\/eng\/exhibiciones\/entre-la-oscuridad-el-espiritu","title":{"rendered":"Entre la oscuridad, el esp\u00edritu"},"content":{"rendered":"<p>&nbsp;<\/p>\n<p><span style=\"font-size: 14px; color: #333333;\"><em>Entre la oscuridad, el esp\u00edritu<\/em>, exposici\u00f3n de pinturas y dibujos de Paulina Silva Hauyon, estar\u00e1 abierta al p\u00fablico en Galer\u00eda Die Ecke entre los d\u00edas 29 de septiembre y 29 de octubre de 2022. La muestra, formada por una serie de telas de grandes formatos pintadas al \u00f3leo y dibujos en carboncillo y pastel seco sobre papel y papel lija, transforma la galer\u00eda en un jard\u00edn e invita a quienes ingresan a \u00e9l a ajustar su vista para mirar (en) la oscuridad.<\/span><\/p>\n<p>&nbsp;<\/p>\n<p style=\"text-align: justify;\"><span style=\"font-size: 14px; color: #333333;\">Adaptarnos a la luz es un gesto de profunda flexibilidad en el que todo nuestro cuerpo se entrega al sutil efecto de algo que est\u00e1 fuera. En esa entrega mutamos, nos convertimos un poco en lo otro. Esta serie de obras deriva de un proceso de mutaci\u00f3n en el que la artista viajera precis\u00f3 adaptar su itinerario para devenir jard\u00edn. Siendo un poco luz y un poco oscuridad, se vio permeada por paisajes y seres vegetales cuyos nombres, antes desconocidos, forman ahora parte de su historia.<\/span><\/p>\n<p>&nbsp;<\/p>\n<p style=\"text-align: justify;\"><span style=\"font-size: 14px; color: #333333;\">Paulina Silva Hauyon se hab\u00eda propuesto pasar una temporada de trabajo en el Jard\u00edn Bot\u00e1nico Tropical de Lisboa y abordar a trav\u00e9s de su obra el exilio en que viven numerosas plantas que all\u00ed se conservan, como en un museo, distantes de sus paisajes de origen. Fundado a comienzos del siglo XX y originalmente denominado Jard\u00edn Colonial, este lugar alberga especies tra\u00eddas de los diversos lugares que en alg\u00fan momento conformaron el vasto imperio portugu\u00e9s. Las historias que esas plantas iban a contarle hac\u00edan eco de otras historias de imperialismo, esclavitud y extractivismo, evidenciando que este hermoso lugar, como tantos otros centros de nuestra cultura, era tambi\u00e9n un documento de su barbarie.<\/span><\/p>\n<p>&nbsp;<\/p>\n<p style=\"text-align: justify;\"><span style=\"font-size: 14px; color: #333333;\">Sin embargo, al llegar a su destino de investigaci\u00f3n, Paulina encontr\u00f3 cerradas las rejas del jard\u00edn que pasaba por una imprevista remodelaci\u00f3n. Insisti\u00f3, logr\u00f3 entrar, y se encontr\u00f3 con un lugar muy distinto al habitual destino tur\u00edstico. Pas\u00f3 d\u00edas solitarios, observando en silencio el trabajo de jardineras que cuidaban las plantas que nadie visitaba. Recorri\u00f3 los senderos en una quietud que revelaba a este museo como un ser vivo. Acerc\u00e1ndose a los \u00e1rboles con una delicadeza que no habr\u00eda sido posible en circunstancias habituales, pudo ver las sombras extenderse y la oscuridad instalarse en ese paisaje inventado. Y comenz\u00f3 a dibujar. Los \u00e1rboles le contaron historias, le hablaron en lenguas casi olvidadas, le mostraron sus formas en la noche y le transmitieron la resistencia de su esp\u00edritu.<\/span><\/p>\n<p>&nbsp;<\/p>\n<p style=\"text-align: justify;\"><span style=\"font-size: 14px; color: #333333;\">Y eso es lo que trajo y muestra ahora: pinturas que hablan de la capacidad de mutar y de la persistencia del esp\u00edritu.<\/span><\/p>\n<p style=\"text-align: justify;\"><span style=\"font-size: 14px; color: #333333;\"><em>\u00a0<\/em><\/span><\/p>\n<p style=\"text-align: justify;\"><span style=\"font-size: 14px; color: #333333;\"><em>Catalina Vald\u00e9s Echenique<\/em>.<\/span><\/p>\n<p style=\"text-align: justify;\"><span style=\"font-size: 14px; color: #333333;\">Historiadora, curadora e investigadora independiente.<\/span><\/p>","protected":false},"featured_media":5141,"template":"","fecha_exhibiciones":[74],"sede":[100],"class_list":["post-4672","exhibiciones","type-exhibiciones","status-publish","has-post-thumbnail","hentry","fecha_exhibiciones-74"],"acf":[],"_links":{"self":[{"href":"https:\/\/dieecke.art\/eng\/wp-json\/wp\/v2\/exhibiciones\/4672","targetHints":{"allow":["GET"]}}],"collection":[{"href":"https:\/\/dieecke.art\/eng\/wp-json\/wp\/v2\/exhibiciones"}],"about":[{"href":"https:\/\/dieecke.art\/eng\/wp-json\/wp\/v2\/types\/exhibiciones"}],"wp:featuredmedia":[{"embeddable":true,"href":"https:\/\/dieecke.art\/eng\/wp-json\/wp\/v2\/media\/5141"}],"wp:attachment":[{"href":"https:\/\/dieecke.art\/eng\/wp-json\/wp\/v2\/media?parent=4672"}],"wp:term":[{"taxonomy":"fecha_exhibiciones","embeddable":true,"href":"https:\/\/dieecke.art\/eng\/wp-json\/wp\/v2\/fecha_exhibiciones?post=4672"},{"taxonomy":"sede","embeddable":true,"href":"https:\/\/dieecke.art\/eng\/wp-json\/wp\/v2\/sede?post=4672"}],"curies":[{"name":"wp","href":"https:\/\/api.w.org\/{rel}","templated":true}]}}

Entre la oscuridad, el espíritu

<p>&nbsp;</p>
<p><span style="font-size: 14px; color: #333333;"><em>Entre la oscuridad, el espíritu</em>, exposición de pinturas y dibujos de Paulina Silva Hauyon, estará abierta al público en Galería Die Ecke entre los días 29 de septiembre y 29 de octubre de 2022. La muestra, formada por una serie de telas de grandes formatos pintadas al óleo y dibujos en carboncillo y pastel seco sobre papel y papel lija, transforma la galería en un jardín e invita a quienes ingresan a él a ajustar su vista para mirar (en) la oscuridad.</span></p>
<p>&nbsp;</p>
<p style="text-align: justify;"><span style="font-size: 14px; color: #333333;">Adaptarnos a la luz es un gesto de profunda flexibilidad en el que todo nuestro cuerpo se entrega al sutil efecto de algo que está fuera. En esa entrega mutamos, nos convertimos un poco en lo otro. Esta serie de obras deriva de un proceso de mutación en el que la artista viajera precisó adaptar su itinerario para devenir jardín. Siendo un poco luz y un poco oscuridad, se vio permeada por paisajes y seres vegetales cuyos nombres, antes desconocidos, forman ahora parte de su historia.</span></p>
<p>&nbsp;</p>
<p style="text-align: justify;"><span style="font-size: 14px; color: #333333;">Paulina Silva Hauyon se había propuesto pasar una temporada de trabajo en el Jardín Botánico Tropical de Lisboa y abordar a través de su obra el exilio en que viven numerosas plantas que allí se conservan, como en un museo, distantes de sus paisajes de origen. Fundado a comienzos del siglo XX y originalmente denominado Jardín Colonial, este lugar alberga especies traídas de los diversos lugares que en algún momento conformaron el vasto imperio portugués. Las historias que esas plantas iban a contarle hacían eco de otras historias de imperialismo, esclavitud y extractivismo, evidenciando que este hermoso lugar, como tantos otros centros de nuestra cultura, era también un documento de su barbarie.</span></p>
<p>&nbsp;</p>
<p style="text-align: justify;"><span style="font-size: 14px; color: #333333;">Sin embargo, al llegar a su destino de investigación, Paulina encontró cerradas las rejas del jardín que pasaba por una imprevista remodelación. Insistió, logró entrar, y se encontró con un lugar muy distinto al habitual destino turístico. Pasó días solitarios, observando en silencio el trabajo de jardineras que cuidaban las plantas que nadie visitaba. Recorrió los senderos en una quietud que revelaba a este museo como un ser vivo. Acercándose a los árboles con una delicadeza que no habría sido posible en circunstancias habituales, pudo ver las sombras extenderse y la oscuridad instalarse en ese paisaje inventado. Y comenzó a dibujar. Los árboles le contaron historias, le hablaron en lenguas casi olvidadas, le mostraron sus formas en la noche y le transmitieron la resistencia de su espíritu.</span></p>
<p>&nbsp;</p>
<p style="text-align: justify;"><span style="font-size: 14px; color: #333333;">Y eso es lo que trajo y muestra ahora: pinturas que hablan de la capacidad de mutar y de la persistencia del espíritu.</span></p>
<p style="text-align: justify;"><span style="font-size: 14px; color: #333333;"><em> </em></span></p>
<p style="text-align: justify;"><span style="font-size: 14px; color: #333333;"><em>Catalina Valdés Echenique</em>.</span></p>
<p style="text-align: justify;"><span style="font-size: 14px; color: #333333;">Historiadora, curadora e investigadora independiente.</span></p>
